{"id":3364,"date":"2019-05-01T06:54:30","date_gmt":"2019-05-01T06:54:30","guid":{"rendered":"http:\/\/www.parteifreie-nussdorfer.de\/?page_id=3364"},"modified":"2021-10-18T07:30:06","modified_gmt":"2021-10-18T07:30:06","slug":"impressum","status":"publish","type":"page","link":"https:\/\/www.parteifreie-nussdorfer.de\/?page_id=3364","title":{"rendered":"Impressum"},"content":{"rendered":"<div id='av_section_1'  class='avia-section av-24mzl0-fd883a16dbe601e3c6cc5afa09fee5a4 main_color avia-section-default avia-no-border-styling  avia-builder-el-0  el_before_av_heading  avia-builder-el-first  avia-bg-style-scroll container_wrap fullsize'  ><div class='container av-section-cont-open' ><main  role=\"main\" itemprop=\"mainContentOfPage\"  class='template-page content  av-content-full alpha units'><div class='post-entry post-entry-type-page post-entry-3364'><div class='entry-content-wrapper clearfix'>\n<style type=\"text\/css\" data-created_by=\"avia_inline_auto\" id=\"style-css-av-jvc94ikb-441f01685a607b8854946fa33f5e37d0\">\n.avia-image-container.av-jvc94ikb-441f01685a607b8854946fa33f5e37d0 img.avia_image{\nbox-shadow:none;\n}\n.avia-image-container.av-jvc94ikb-441f01685a607b8854946fa33f5e37d0 .av-image-caption-overlay-center{\ncolor:#ffffff;\n}\n<\/style>\n<div  class='avia-image-container av-jvc94ikb-441f01685a607b8854946fa33f5e37d0 av-styling- avia-align-center  avia-builder-el-1  avia-builder-el-no-sibling '   itemprop=\"image\" itemscope=\"itemscope\" itemtype=\"https:\/\/schema.org\/ImageObject\" ><div class=\"avia-image-container-inner\"><div class=\"avia-image-overlay-wrap\"><img fetchpriority=\"high\" class='wp-image-3444 avia-img-lazy-loading-not-3444 avia_image ' src='https:\/\/www.parteifreie-nussdorfer.de\/wp-content\/uploads\/2019\/05\/P1030634_kl.jpg' alt='muehle in muelthal' title='M\u00fchle im M\u00fchlthal'  height=\"270\" width=\"960\"  itemprop=\"thumbnailUrl\"  \/><\/div><\/div><\/div><\/div><\/div><\/main><!-- close content main element --><\/div><\/div><div id='after_section_1'  class='main_color av_default_container_wrap container_wrap fullsize'  ><div class='container av-section-cont-open' ><div class='template-page content  av-content-full alpha units'><div class='post-entry post-entry-type-page post-entry-3364'><div class='entry-content-wrapper clearfix'>\n\n<style type=\"text\/css\" data-created_by=\"avia_inline_auto\" id=\"style-css-av-av_heading-22c1c1e7f012a87beea84e9f1502c19d\">\n#top .av-special-heading.av-av_heading-22c1c1e7f012a87beea84e9f1502c19d{\npadding-bottom:60px;\n}\nbody .av-special-heading.av-av_heading-22c1c1e7f012a87beea84e9f1502c19d .av-special-heading-tag .heading-char{\nfont-size:25px;\n}\n.av-special-heading.av-av_heading-22c1c1e7f012a87beea84e9f1502c19d .av-subheading{\nfont-size:15px;\n}\n<\/style>\n<div  class='av-special-heading av-av_heading-22c1c1e7f012a87beea84e9f1502c19d av-special-heading-h3  avia-builder-el-2  el_after_av_section  el_before_av_textblock  avia-builder-el-first '><h3 class='av-special-heading-tag '  itemprop=\"headline\"  >Impressum<\/h3><div class=\"special-heading-border\"><div class=\"special-heading-inner-border\"><\/div><\/div><\/div>\n<section  class='av_textblock_section av-jv4v7osv-a7a6c55083b4861374e7289244682b3e '   itemscope=\"itemscope\" itemtype=\"https:\/\/schema.org\/CreativeWork\" ><div class='avia_textblock'  itemprop=\"text\" ><h3 class=\"half\"><strong>Verantwortlich f\u00fcr den Inhalt nach \u00a7 55 Abs. 2 RStV:<\/strong><\/h3>\n<p>Parteifreie Nu\u00dfdorfer (W\u00e4hlergemeinschaft)<br \/>Barbara Schiedermair, 1. Vorsitzende<br \/>Keltenweg 8<br \/>83131 Nu\u00dfdorf<br \/>E-Mail: <a href=\"mailto:info@parteifreie-nussdorfer.de\">info@parteifreie-nussdorfer.de<\/a><\/p>\n<h3><strong>Softwaretechnische Umsetzung<\/strong><\/h3>\n<p>Marion Kuffner<br \/>Am Inn 11<br \/>83131 Nu\u00dfdorf<\/p>\n<p>eMail: <a href=\"mailto:Marion.Kuffner@augen.de\">Marion.Kuffner@augen.de<\/a><\/p>\n<h3><strong>Fotografien<\/strong><\/h3>\n<p>Rainer G\u00e4tcke, Thomas Wittwer, Michaela Firmk\u00e4s, Martin Steinbei\u00dfer, Peter Staier, freepik<\/p>\n<h3>Streitschlichtung<\/h3>\n<p>Die Europ\u00e4ische Kommission stellt eine Plattform zur Online-Streitbeilegung (OS) bereit: <a href=\"https:\/\/ec.europa.eu\/consumers\/odr\" target=\"_blank\" rel=\"noopener\">https:\/\/ec.europa.eu\/consumers\/odr<\/a>.<br \/>Unsere E-Mail-Adresse finden Sie oben im Impressum.<\/p>\n<p>Wir sind nicht bereit oder verpflichtet, an Streitbeilegungsverfahren vor einer Verbraucherschlichtungsstelle teilzunehmen.<\/p>\n<h3>Haftung f\u00fcr Inhalte<\/h3>\n<p>Als Diensteanbieter sind wir gem\u00e4\u00df \u00a7 7 Abs.1 TMG f\u00fcr eigene Inhalte auf diesen Seiten nach den allgemeinen Gesetzen verantwortlich. Nach \u00a7\u00a7 8 bis 10 TMG sind wir als Diensteanbieter jedoch nicht verpflichtet, \u00fcbermittelte oder gespeicherte fremde Informationen zu \u00fcberwachen oder nach Umst\u00e4nden zu forschen, die auf eine rechtswidrige T\u00e4tigkeit hinweisen.<\/p>\n<p>Verpflichtungen zur Entfernung oder Sperrung der Nutzung von Informationen nach den allgemeinen Gesetzen bleiben hiervon unber\u00fchrt. Eine diesbez\u00fcgliche Haftung ist jedoch erst ab dem Zeitpunkt der Kenntnis einer konkreten Rechtsverletzung m\u00f6glich. Bei Bekanntwerden von entsprechenden Rechtsverletzungen werden wir diese Inhalte umgehend entfernen.<\/p>\n<h3>Haftung f\u00fcr Links<\/h3>\n<p>Unser Angebot enth\u00e4lt Links zu externen Websites Dritter, auf deren Inhalte wir keinen Einfluss haben. Deshalb k\u00f6nnen wir f\u00fcr diese fremden Inhalte auch keine Gew\u00e4hr \u00fcbernehmen. F\u00fcr die Inhalte der verlinkten Seiten ist stets der jeweilige Anbieter oder Betreiber der Seiten verantwortlich. Die verlinkten Seiten wurden zum Zeitpunkt der Verlinkung auf m\u00f6gliche Rechtsverst\u00f6\u00dfe \u00fcberpr\u00fcft. Rechtswidrige Inhalte waren zum Zeitpunkt der Verlinkung nicht erkennbar.<\/p>\n<p>Eine permanente inhaltliche Kontrolle der verlinkten Seiten ist jedoch ohne konkrete Anhaltspunkte einer Rechtsverletzung nicht zumutbar. Bei Bekanntwerden von Rechtsverletzungen werden wir derartige Links umgehend entfernen.<\/p>\n<h3>Urheberrecht<\/h3>\n<p>Die durch die Seitenbetreiber erstellten Inhalte und Werke auf diesen Seiten unterliegen dem deutschen Urheberrecht. Die Vervielf\u00e4ltigung, Bearbeitung, Verbreitung und jede Art der Verwertung au\u00dferhalb der Grenzen des Urheberrechtes bed\u00fcrfen der schriftlichen Zustimmung des jeweiligen Autors bzw. Erstellers. Downloads und Kopien dieser Seite sind nur f\u00fcr den privaten, nicht kommerziellen Gebrauch gestattet.<\/p>\n<p>Soweit die Inhalte auf dieser Seite nicht vom Betreiber erstellt wurden, werden die Urheberrechte Dritter beachtet. Insbesondere werden Inhalte Dritter als solche gekennzeichnet. Sollten Sie trotzdem auf eine Urheberrechtsverletzung aufmerksam werden, bitten wir um einen entsprechenden Hinweis. Bei Bekanntwerden von Rechtsverletzungen werden wir derartige Inhalte umgehend entfernen.<\/p>\n<h3>Copyright<\/h3>\n<p>Alle Rechte vorbehalten. Text, Bilder, Grafiken sowie deren Anordnung auf den Seiten von &#8222;Parteifreie-Nussdorfer&#8220; unterliegen dem Schutz des Urheberrechts und anderer Schutzgesetze. Der Inhalt dieser Website darf nicht zu kommerziellen Zwecken kopiert, verbreitet, ver\u00e4ndert oder Dritten zug\u00e4nglich gemacht werden. Alle Fotografien unterliegen urheberrechtlich\u00a0 Michaela Firmk\u00e4s, Martin Steinbei\u00dfer, Sonja Steinbei\u00dfer, Peter Staier, Rainer Gaetke.<strong><br \/><\/strong><\/p>\n<\/div><\/section>\n","protected":false},"excerpt":{"rendered":"","protected":false},"author":1,"featured_media":0,"parent":0,"menu_order":0,"comment_status":"closed","ping_status":"closed","template":"","meta":{"footnotes":""},"class_list":["post-3364","page","type-page","status-publish","hentry"],"_links":{"self":[{"href":"https:\/\/www.parteifreie-nussdorfer.de\/index.php?rest_route=\/wp\/v2\/pages\/3364","targetHints":{"allow":["GET"]}}],"collection":[{"href":"https:\/\/www.parteifreie-nussdorfer.de\/index.php?rest_route=\/wp\/v2\/pages"}],"about":[{"href":"https:\/\/www.parteifreie-nussdorfer.de\/index.php?rest_route=\/wp\/v2\/types\/page"}],"author":[{"embeddable":true,"href":"https:\/\/www.parteifreie-nussdorfer.de\/index.php?rest_route=\/wp\/v2\/users\/1"}],"replies":[{"embeddable":true,"href":"https:\/\/www.parteifreie-nussdorfer.de\/index.php?rest_route=%2Fwp%2Fv2%2Fcomments&post=3364"}],"version-history":[{"count":4,"href":"https:\/\/www.parteifreie-nussdorfer.de\/index.php?rest_route=\/wp\/v2\/pages\/3364\/revisions"}],"predecessor-version":[{"id":3841,"href":"https:\/\/www.parteifreie-nussdorfer.de\/index.php?rest_route=\/wp\/v2\/pages\/3364\/revisions\/3841"}],"wp:attachment":[{"href":"https:\/\/www.parteifreie-nussdorfer.de\/index.php?rest_route=%2Fwp%2Fv2%2Fmedia&parent=3364"}],"curies":[{"name":"wp","href":"https:\/\/api.w.org\/{rel}","templated":true}]}}