{"id":3455,"date":"2019-05-06T14:05:20","date_gmt":"2019-05-06T14:05:20","guid":{"rendered":"http:\/\/www.parteifreie-nussdorfer.de\/?page_id=3455"},"modified":"2020-03-01T08:42:51","modified_gmt":"2020-03-01T08:42:51","slug":"geschichte","status":"publish","type":"page","link":"https:\/\/www.parteifreie-nussdorfer.de\/?page_id=3455","title":{"rendered":"Geschichte"},"content":{"rendered":"<div id='av_section_1'  class='avia-section av-32amhb-2b909c933da09f0fc09305a90d20b904 main_color avia-section-default avia-no-border-styling  avia-builder-el-0  el_before_av_one_full  avia-builder-el-first  avia-bg-style-scroll container_wrap fullsize'  ><div class='container av-section-cont-open' ><main  role=\"main\" itemprop=\"mainContentOfPage\"  class='template-page content  av-content-full alpha units'><div class='post-entry post-entry-type-page post-entry-3455'><div class='entry-content-wrapper clearfix'>\n\n<style type=\"text\/css\" data-created_by=\"avia_inline_auto\" id=\"style-css-av-jvcb8bhd-decf0bbcb5202844570131c444e37fa6\">\n.avia-image-container.av-jvcb8bhd-decf0bbcb5202844570131c444e37fa6 img.avia_image{\nbox-shadow:none;\n}\n.avia-image-container.av-jvcb8bhd-decf0bbcb5202844570131c444e37fa6 .av-image-caption-overlay-center{\ncolor:#ffffff;\n}\n<\/style>\n<div  class='avia-image-container av-jvcb8bhd-decf0bbcb5202844570131c444e37fa6 av-styling- avia-align-center  avia-builder-el-1  avia-builder-el-no-sibling '   itemprop=\"image\" itemscope=\"itemscope\" itemtype=\"https:\/\/schema.org\/ImageObject\" ><div class=\"avia-image-container-inner\"><div class=\"avia-image-overlay-wrap\"><img fetchpriority=\"high\" class='wp-image-3456 avia-img-lazy-loading-not-3456 avia_image ' src='https:\/\/www.parteifreie-nussdorfer.de\/wp-content\/uploads\/2019\/05\/DSC00618_kl.jpg' alt='nussdorf' title='nussdorf schwarz weis'  height=\"270\" width=\"960\"  itemprop=\"thumbnailUrl\"  \/><\/div><\/div><\/div>\n<\/div><\/div><\/main><!-- close content main element --><\/div><\/div><div id='after_section_1'  class='main_color av_default_container_wrap container_wrap fullsize'  ><div class='container av-section-cont-open' ><div class='template-page content  av-content-full alpha units'><div class='post-entry post-entry-type-page post-entry-3455'><div class='entry-content-wrapper clearfix'>\n\n<style type=\"text\/css\" data-created_by=\"avia_inline_auto\" id=\"style-css-av-2hwqq7-b91d6eead7586981bdd88a836e9fab8e\">\n.flex_column.av-2hwqq7-b91d6eead7586981bdd88a836e9fab8e{\nborder-radius:0px 0px 0px 0px;\npadding:0px 0px 0px 0px;\n}\n<\/style>\n<div  class='flex_column av-2hwqq7-b91d6eead7586981bdd88a836e9fab8e av_one_full  avia-builder-el-2  el_after_av_section  avia-builder-el-no-sibling  first flex_column_div av-zero-column-padding  '     ><p>\n<style type=\"text\/css\" data-created_by=\"avia_inline_auto\" id=\"style-css-av-av_heading-5a25842835cfc91cb4766e3cbe2151f0\">\n#top .av-special-heading.av-av_heading-5a25842835cfc91cb4766e3cbe2151f0{\npadding-bottom:5px;\n}\nbody .av-special-heading.av-av_heading-5a25842835cfc91cb4766e3cbe2151f0 .av-special-heading-tag .heading-char{\nfont-size:25px;\n}\n.av-special-heading.av-av_heading-5a25842835cfc91cb4766e3cbe2151f0 .av-subheading{\nfont-size:15px;\n}\n<\/style>\n<div  class='av-special-heading av-av_heading-5a25842835cfc91cb4766e3cbe2151f0 av-special-heading-h3  avia-builder-el-3  el_before_av_textblock  avia-builder-el-first '><h3 class='av-special-heading-tag '  itemprop=\"headline\"  >Geschichte der Parteifreien Nu\u00dfdorfer<\/h3><div class=\"special-heading-border\"><div class=\"special-heading-inner-border\"><\/div><\/div><\/div><br \/>\n<section  class='av_textblock_section av-jvcb9av8-650de41f6f768b6ab3516c2e1139ded3 '   itemscope=\"itemscope\" itemtype=\"https:\/\/schema.org\/CreativeWork\" ><div class='avia_textblock'  itemprop=\"text\" ><div id=\"main\">\n<div id=\"page\">\n<p class=\"justify\">1990 wurden die Freien W\u00e4hler f\u00fcr Nu\u00dfdorf (FWN) als eigenst\u00e4ndige politische Gruppierung gegr\u00fcndet, die heute (Stand 2020) 91 Mitglieder umfasst. Erstes Ziel war, eine eigene Liste f\u00fcr die anstehenden Gemeinderatswahlen zu bilden, um zur bis dahin existierenden Einheitsliste eine echte Alternative darzustellen. Man wollte sich von den etablierten Parteien klar distanzieren und damals wie heute parteifrei, demokratisch, kritisch und unabh\u00e4ngig agieren.<\/p>\n<p class=\"justify\">Noch im Gr\u00fcndungsjahr schafften es die freien W\u00e4hler f\u00fcr Nu\u00dfdorf gleich auf Anhieb vier Gemeinder\u00e4te zu stellen. Schon bei den n\u00e4chsten Gemeinderatswahlen 1996 sowie 2002 besetzten die Freien W\u00e4hler (FWN) f\u00fcnf Sitze im Gemeinderat. Bei der letzten Gemeinderatswahl im Jahr 2008 konnte das Wahlergebnis mit sechs Vertretungen im Gemeinderat noch einmal gesteigert werden.<\/p>\n<p class=\"justify\">2013 haben die Freien W\u00e4hler f\u00fcr Nu\u00dfdorf (FWN) ihren Namen ge\u00e4ndert um Verwechslungen mit einer anderen bestehenden W\u00e4hlergruppierung vorzubeugen. Die Menschen und das Programm bleiben gleich. Mit dem neuen Namen \u201eParteifreie Nu\u00dfdorfer\u201c stellen sie eines ihrer Leitw\u00f6rter (parteifrei, unabh\u00e4ngig, kritisch, demokratisch) in den Titel. Damit betonen sie ihre Arbeitsweise in der Kommunalpolitik.<\/p>\n<p class=\"justify\">Die Parteifreien Nu\u00dfdorfer sind nunmehr schon seit 25 Jahren eine feste Gr\u00f6\u00dfe in Nu\u00dfdorf, sie haben viele Projekte angesto\u00dfen, vorangetrieben und wollen auch weiterhin die Zukunft unseres Dorfes positiv mitgestalten.<\/p>\n<\/div>\n<\/div>\n<\/div><\/section><\/p><\/div>\n","protected":false},"excerpt":{"rendered":"","protected":false},"author":1,"featured_media":0,"parent":0,"menu_order":0,"comment_status":"closed","ping_status":"closed","template":"","meta":{"footnotes":""},"class_list":["post-3455","page","type-page","status-publish","hentry"],"_links":{"self":[{"href":"https:\/\/www.parteifreie-nussdorfer.de\/index.php?rest_route=\/wp\/v2\/pages\/3455","targetHints":{"allow":["GET"]}}],"collection":[{"href":"https:\/\/www.parteifreie-nussdorfer.de\/index.php?rest_route=\/wp\/v2\/pages"}],"about":[{"href":"https:\/\/www.parteifreie-nussdorfer.de\/index.php?rest_route=\/wp\/v2\/types\/page"}],"author":[{"embeddable":true,"href":"https:\/\/www.parteifreie-nussdorfer.de\/index.php?rest_route=\/wp\/v2\/users\/1"}],"replies":[{"embeddable":true,"href":"https:\/\/www.parteifreie-nussdorfer.de\/index.php?rest_route=%2Fwp%2Fv2%2Fcomments&post=3455"}],"version-history":[{"count":2,"href":"https:\/\/www.parteifreie-nussdorfer.de\/index.php?rest_route=\/wp\/v2\/pages\/3455\/revisions"}],"predecessor-version":[{"id":3761,"href":"https:\/\/www.parteifreie-nussdorfer.de\/index.php?rest_route=\/wp\/v2\/pages\/3455\/revisions\/3761"}],"wp:attachment":[{"href":"https:\/\/www.parteifreie-nussdorfer.de\/index.php?rest_route=%2Fwp%2Fv2%2Fmedia&parent=3455"}],"curies":[{"name":"wp","href":"https:\/\/api.w.org\/{rel}","templated":true}]}}